Suppose 0 = 5*o + 56 - w. Is o a prime number?
True
Suppose -2*f = o + 147, 0 = -2*f + 4*o - 81 - 71. Is (f/(-4))/((-2)/(-4)) prime?
True
Let k = -13 - -50. Let n be (-2)/(-3) + 8/6. Let w = k - n. Is w a prime number?
False
Let r(p) = 14*p - 5. Is r(14) a prime number?
True
Let g = 14 - 23. Let u = g - -16. Is u composite?
False
Let x(c) = -c**3 + 7*c**2 + 2*c + 4. Let v be x(7). Let n = -8 + v. Is n a composite number?
True
Suppose 9*g - 3843 = 33138. Is g a composite number?
True
Let f(y) = 156*y + 3. Let a be f(10). Suppose 0 = -3*x - 0*x + a. Is x prime?
True
Let c(w) = 3*w**2 + 2*w - 1. Let f be c(-6). Suppose 0 = b + 3*d - f, 380 = 2*b + 2*b - 2*d. Is b a composite number?
True
Suppose w - 3*w - 4*h + 28 = 0, -3*h = 2*w - 24. Is (3 - 9/w)*26 composite?
True
Let m = 830 + -588. Let a(h) = h**2 - 4*h - 8. Let v be a(6). Is 0 - (-2)/(v/m) composite?
True
Let z(l) = -l**3 + 4*l**2 + 5*l + 5. Let u(r) = r + 11. Let k be u(-6). Let a be z(k). Suppose 5*w - 655 = 6*g - 2*g, 3*w = -a*g + 356. Is w a prime number?
True
Suppose 0*f + 2*f = 0. Let t = 17 - -67. Suppose f = 5*l - 71 - t. Is l composite?
False
Let z(h) = -h**2 + 11*h + 5. Let v(b) = -4*b - 2. Let g be v(-2). Is z(g) prime?
False
Suppose 3*p - 426 = -3*q, 0 = 3*q + p - 5*p - 391. Suppose 2*l - 3*l - 4*w = -q, -3*w + 136 = l. Is l a composite number?
True
Let u(s) = s**3 - 3*s**2 - s - 1. Let z be -5*(0 + (-12)/10). Let t be u(z). Suppose y - 25 = -j + 25, 0 = 2*y + j - t. Is y prime?
False
Let o = 3 - 3. Suppose 0 = -h + 2*t - o*t - 81, 4*t - 429 = 5*h. Let v = 208 + h. Is v prime?
False
Let a(r) = -46*r - 4. Is a(-3) prime?
False
Is ((-2)/4)/(27909/6978 - 4) composite?
False
Suppose -5*v + 2*v = -231. Is v prime?
False
Let j(f) = 162*f - 31. Is j(5) a composite number?
True
Let y = -2 - -5. Suppose h - 220 = -5*z + y*h, 0 = 3*h - 15. Suppose -z = 2*b - 4*b. Is b prime?
True
Suppose -887 = -4*m - p, 4*p = -4*m + p + 877. Is m composite?
False
Let f = -317 + 540. Is f prime?
True
Let j be 4/(-14) - (-74)/14. Suppose j*i = 2*i. Suppose i = -2*z - 2*r + 14, 0 = 6*z - 3*z + 5*r - 21. Is z a composite number?
False
Let h be (6/(-5))/(1/(-5)). Let t be h/3 + 0 + 2. Suppose -v + l + 16 = 0, -10 = -v + 3*l - t*l. Is v a prime number?
True
Let a = 92 - 190. Let m = 156 + a. Is m composite?
True
Let d = -71 - -226. Suppose -6*y + 26 = 4*i - y, 3*y + 2 = 2*i. Suppose m = -i*m + d. Is m a composite number?
False
Let o(k) = 4*k**3 - 3*k**2 - k + 2. Let a be o(2). Suppose 4*s + t = 38, 0*s + 4*t = -2*s + 12. Is (-4)/a - (-222)/s prime?
False
Let s(g) = -g**2 + 39*g + 23. Is s(26) a composite number?
True
Let i(o) = -6*o + 19. Is i(-13) composite?
False
Let i be (-3)/(63/6)*-7. Suppose -2*w = i*w - 8. Is -74*(w/(-4))/1 a prime number?
True
Let m = 130 + 61. Is m a composite number?
False
Suppose 2*p - 2597 - 2037 = 0. Is p prime?
False
Suppose -4*s - 3*r = -5, 0 = 3*s - 5*r + r - 35. Let m(i) = -3*i - 3*i + 2*i - 1 - s*i. Is m(-4) a composite number?
True
Suppose 0 = 5*u - 3*u - 2. Is 20/(-8)*(-57 - u) composite?
True
Suppose -5*k - 5*u = -10, 0 = 3*k - 6*u + 2*u - 13. Let b = k + -5. Let x = b + 13. Is x prime?
True
Let k be 2 + -2 + (0 - 2). Let b(v) = v**2 + 2*v + 2. Let s be b(k). Suppose 0 = 2*c - 2*y - 154, s*c + 3*y + 2*y - 154 = 0. Is c a composite number?
True
Let p(u) = 3*u**3 + 3 + 2*u**2 - 2*u**3 + 5*u**2. Let a be p(-7). Let k(q) = 8*q**2 + 3*q - 4. Is k(a) a composite number?
True
Suppose -f = -2*p - 1 - 0, 5*p - 8 = -f. Suppose 0*a + f*a = 291. Is a prime?
True
Let r = 2113 - 864. Is r a composite number?
False
Let w(k) = -k + 7. Let n = -3 - -6. Suppose -2*h + n*h = v - 1, -v = h - 1. Is w(h) composite?
False
Suppose -m = -5*m. Suppose m = 3*k - 2*t + t + 362, 253 = -2*k + 3*t. Let w = -84 - k. Is w a prime number?
False
Suppose -5*c + 289 = -i - 5, i = -c + 54. Is c prime?
False
Let a = 106 - 17. Is a prime?
True
Let h(f) = -f**3 - 14*f**2 - 5*f - 6. Let k be h(-14). Suppose -4*p - 4*i + k = 0, -2*p = 2*p - 2*i - 82. Is p composite?
False
Suppose 4*i - 62 = -y, 3*y - y - 124 = -3*i. Is y prime?
False
Let x be (10/(-15))/((-2)/51). Let g = 66 + x. Is g prime?
True
Let i(t) = t + 97. Let k be i(0). Suppose -4*f + 107 = -k. Is f composite?
True
Let l be 4/(-14) + (-99)/21. Let x(c) = 2*c**2 + 2*c - 3. Is x(l) a composite number?
False
Suppose 4*v - 632 = -4*m, 0*m - v = 2*m - 319. Is m composite?
True
Suppose 0 = -5*m - 5*a - 10, 0 = -2*m + 3*a + 19 - 48. Let x(o) = o**2 - 6*o. Is x(m) prime?
False
Let x be (8/(-6))/(1/(-3)). Suppose -15 = x*y - 219. Is y a prime number?
False
Suppose 2*b = 5*y - 15867, -4*y + 3*b - b + 12694 = 0. Is y a composite number?
True
Suppose 0 = 2*d - 3*d + 204. Suppose -5*x + 4*z = -742, 4*x + d = -z + 806. Suppose -4*m = k - 2*k + 45, 4*k = m + x. Is k a prime number?
True
Suppose 0 = 3*u - 3*g - 741, u - 259 = -0*u - 2*g. Is u a prime number?
True
Suppose -5*p = -5*z + 475 - 175, -p = -5*z + 304. Suppose -5*w - 6 = -z. Is w prime?
True
Suppose 6*j - 4*j - 1082 = 0. Is j composite?
False
Let i(u) = 58*u**3 - 2*u - 1. Let h be i(-1). Let q = -36 - h. Suppose -4*w + 3*b = -211, -4*w + 2*b - q + 235 = 0. Is w composite?
True
Suppose 4 = 2*p - 2, -3*p + 1033 = 4*o. Let b = o + -123. Is b prime?
False
Suppose 0 = 5*l + 13 - 3. Suppose 2*d = 5*o + 457, -57 + 534 = -5*o - 3*d. Is o*(-2)/l*-1 composite?
True
Let k(y) = 9*y - 2. Let u(f) = f**3 + 6*f**2 - 9*f - 10. Let o be u(-7). Is k(o) a composite number?
True
Let r = 307 - -82. Is r a composite number?
False
Let y(x) = -x**3 + 4*x**2 + 3*x - 4. Suppose 4*v + 5*g = v + 3, g - 3 = 0. Let r be (-115)/(-35) - v/(-14). Is y(r) prime?
False
Suppose 4*k - 2357 = 3*j, -5*k + 2161 = -5*j - 789. Is k a prime number?
True
Let t(r) = 0*r - 2 - 2*r - 12*r. Suppose -14*c + 24 = -18*c. Is t(c) composite?
True
Suppose 4*z = 2*p + 2806 + 5084, 2*z - 2*p - 3944 = 0. Is z prime?
True
Is 2/6 - (-140)/21 composite?
False
Suppose -5*y - 28 = -2*f - 2*y, -3*f - 4*y + 25 = 0. Let r = f + -5. Is ((-1)/(-3))/(1/r) composite?
False
Suppose -387 - 361 = -4*i. Is i a prime number?
False
Suppose 8 = 2*b, -n + 6*b - 2*b + 30 = 0. Is n composite?
True
Suppose 0 = 2*m - 253 - 283. Suppose 0*r - m = -4*r. Suppose -3*a - 2*y + 232 = 0, -3*y - 140 = -3*a + r. Is a a composite number?
True
Let k = -219 + 83. Let y = -254 - k. Let w = 207 + y. Is w prime?
True
Let o be (-1 + 1)/3 - -3. Suppose o*d - 68 = d. Is d composite?
True
Is (3 - 2)/(5/3835) a composite number?
True
Is 13/(-3)*-82*3/2 a composite number?
True
Let t = -35 - -366. Is t a composite number?
False
Suppose -s - j - 10 = -4*j, -3*j - 5 = -4*s. Let l(g) be the first derivative of g**4/2 - 7*g**3/3 - g**2 + 2*g - 1. Is l(s) a prime number?
True
Suppose 3*t - 5*f + 10 = 0, -10 = -f - f. Suppose -t*o = -23 - 7. Is o prime?
False
Is (-5)/2*(-844)/10 a composite number?
False
Suppose 4*z + 8 = 0, -2*y - 4*z + z - 6 = 0. Let c = 35 + y. Suppose 2*o + 4*g - 42 = 0, -2*o = g - 4*g - c. Is o a prime number?
True
Suppose -629 = -3*i + 4*q, 3*q = 2*q + 1. Is i a composite number?
False
Let i = 252 + -94. Suppose -i - 49 = -3*v. Is v composite?
True
Let r = -622 - -440. Let m = r - -53. Let g = m - -218. Is g prime?
True
Let l = 16 - 9. Suppose 4 + 6 = 5*f. Suppose -t = -f*t + l. Is t prime?
True
Let l(b) = -2*b**3 - 4*b**2 - 2*b + 1. Let i be l(-3). Suppose 2*h + 10 = -t + 125, 0 = -5*h - t + 295. Let s = h - i. Is s a prime number?
False
Let a be (-147)/14 + 1/(-2). Let r = -7 - a. Suppose 49 = r*p + 9. Is p prime?
False
Suppose k + 3*f = 13, -16 = -k - 2*f - 0. Is k prime?
False
Suppose 215 = 3*w + 5*s, 3*s - s - 212 = -3*w. Suppose 3*g - w = g. Is g prime?
False
Suppose 0*x - 47 = -2*h - x, -2*h + x = -37. Is h prime?
False
Let y(z) be the second derivative of -15*z**3/2 - 3*z**2/2 + 6*z. Is y(-2) a composite number?
True
Let x = -5 + 1. Let i be 7 + x + 0 + 2. Suppose i*z + 2*r = -0*r + 185, 54 = z - 3*r. Is z a prime number?
False
Is 3076*((-7)/4 - -2) composite?
False
Let p = -18 - -47. Is (7 + 7)*p/2 a prime number?
False
Suppose 3*x - 2119 = -0*u - u, 2*u - 703 = -x. Is x a composite number?
True
Let a = -122 - -191. Let g = a - 102. Let i = -14 - g. Is i a prime number?
True
Let r = 1621 - 782. Is r composite?
False
Let v be 0 + -1 + -2 - -2. Let p(a) = 10*a**2 + 2*a + 1. Is p(v) 